-34)/(-10))/(j/(-35))?
7
What is the thousands digit of 5/(19 + -20) + 61760?
1
Let z(m) = -m**3 + 3*m**2 + 2*m - 2. Let j be z(3). Suppose 9*n = 6*n + 12. Suppose -n*k + 239 = 3*s, j = -k - 0. What is the tens digit of s?
8
Suppose 3*z - i - 31 = 4*i, 3*z - 3*i - 33 = 0. Let s be (-15 + z)*10/(-6). Let u(o) = -o**3 + 12*o**2 - 8*o + 8. What is the hundreds digit of u(s)?
1
What is the tens digit of 7069 - (6 + (-342)/42 - 5/(-35))?
7
Suppose 56000 = 3*i + b, -218*b = -i - 219*b + 18662. What is the units digit of i?
9
Let s be 30/(-75) - (-173)/(-5). Let v be ((-180)/(-14))/((-5)/s). Suppose -2*n - 425 = -4*t + n, -v = -t + 4*n. What is the tens digit of t?
1
Let d be (-13 + 5 - -2)/(-2). Suppose -d*q - 2*q + 201 = n, -3*n = 4*q - 559. What is the units digit of n?
1
Let t be 135/2*(-56)/21. Let y = 236 + t. What is the units digit of y?
6
What is the hundreds digit of 784/56 + 1314 + -2?
3
Let t(p) = p**3 + 13*p**2 + 12*p. Let q be t(-12). Suppose -3*m - 2*d - 17 = q, 5*m - 2*m = -3*d - 12. What is the tens digit of (m/(-5))/((-8)/(-360))?
8
Suppose 0 = 4*d - 190 - 154. Let b = d - -14. Suppose 3*y = 2*k + b, -4*k = 18 + 2. What is the tens digit of y?
3
What is the hundreds digit of 288*(3 + (37 + -45 - 248/(-3)))?
3
Let f(m) = 10*m**2 + 61*m - 1. Let n(g) = -8*g**2 - 61*g + 2. Let t(l) = -3*f(l) - 4*n(l). What is the hundreds digit of t(16)?
4
Let z(y) = 96*y**2 - 34*y - 19. What is the hundreds digit of z(-5)?
5
Suppose 33808 + 37476 = 6*w + 2*g, w - 4*g = 11859. What is the hundreds digit of w?
8
Let o(r) = -3*r + 37. Let l be o(9). Suppose -3*g + l = -794. What is the units digit of g?
8
Suppose -2*w + 14645 + 16521 = -17228. What is the ten thousands digit of w?
2
Let b = -11 + 17. Let j be (-2)/b - ((-6)/(-3))/(-6). Suppose -7*l + 100 = -2*l - 2*z, -4*l + 2*z + 78 = j. What is the units digit of l?
2
Suppose 5*z = -5*f, 6*f + 21 = 2*z + f. Suppose z*u - 40 - 50 = 0. What is the units digit of u?
0
Suppose -10*u = -942 - 1308. What is the tens digit of (-12424)/(-18) - (-5)/(u/(-10))?
9
Suppose 3*o - 7*o = 36. Let n be -4 + (-1618)/o + 2/9. What is the tens digit of n/3 - 12/(-36)?
5
Let f = 5258 - 2537. Suppose -315 = -4*v + f. What is the tens digit of v?
5
Let l(x) = 2*x**2 - 60*x + 22. Let k be l(30). What is the units digit of 65156/286 - ((-4)/k)/1?
8
Let b be 2*((-19710)/(-12))/(-5). Let g = 1275 + b. What is the hundreds digit of g?
6
Suppose -2*n = -8*t + 14768 + 17376, 3*t + 2*n - 12065 = 0. What is the hundreds digit of t?
0
Let w = 265 - 275. What is the thousands digit of 3865/3 + w/30?
1
Let u(o) = -455*o + 173. What is the hundreds digit of u(-17)?
9
Suppose 5*p + 26943 = u + 7545, -5*p = 4*u - 77592. What is the hundreds digit of u?
3
Suppose f + 18 = 4*s, -2*s - 2*s - 3*f + 10 = 0. Suppose -s*n - 25 = -85. Let z = n - -101. What is the units digit of z?
6
Let d be (-480)/(-56) + 4/(-7). Suppose -3*b - 6*m + 417 = -d*m, 5*b = m + 695. What is the hundreds digit of b?
1
Suppose 5*f - 92530 = 72787 + 238. What is the units digit of f?
1
Let v(h) be the first derivative of 2*h**4 + 2*h**3/3 - h**2 - 3*h + 38. Let k be v(-1). What is the units digit of (2/4)/(k/(-784))?
6
Suppose 2*y + 76 = 2*r, 4*y - 144 = -3*r + y. Suppose r*g - 22*g = 15036. What is the units digit of g?
6
Suppose m - 24 = 7*m. Let z be ((-915)/(-20))/((-1)/m). Let b = 334 - z. What is the hundreds digit of b?
1
Let k(m) = 17 - 63 + 25 + 24 - 2*m + 280*m**2. What is the tens digit of k(-2)?
2
Let z be (-16)/(-104) + (1800/(-13))/3. Let i = 49 + z. Suppose -226 = -2*k + i*n, 4*k - n - 450 = 4*n. What is the tens digit of k?
1
Suppose 5*j - 4445 = 2*j + 5*k, -7470 = -5*j - 4*k. Let l = -538 + j. Suppose 0 = -q + 8*q - l. What is the tens digit of q?
3
Let w = -165 - -169. Suppose -2*a = 4*i - 696, -w*i + 12*a - 8*a = -684. What is the tens digit of i?
7
Let r(n) = -n**2 + 141*n + 271. What is the tens digit of r(44)?
3
Let l = 13034 + -5712. What is the units digit of l?
2
Let r = 667 - 682. What is the hundreds digit of (-24)/40 - 13764/r?
9
Let d be 14 - 22 - 2/(-2). Let v be (250/(-20))/((-2)/(-12)). Let x = d - v. What is the tens digit of x?
6
Suppose -2*m + 1045 = -y, 3*m - 4*m = -y - 525. Let j = 554 - m. What is the units digit of j?
4
Let v(m) = -19*m - 4. Let t be (-9)/(108/8)*(-78)/4. Let k = 10 - t. What is the tens digit of v(k)?
5
Suppose 2*a - 4834 = -4*t, 4476 = 4*t + 5*a - 367. What is the hundreds digit of t?
2
Suppose -165*l + 1827765 + 5306427 = 57*l. What is the hundreds digit of l?
1
Suppose -z + 5*n + 61 = 5, -8 = -4*n. Suppose -3*j = 3 - z. Suppose 0 = -j*t + 22*t - 43. What is the units digit of t?
3
Let l(a) = -24*a**3 - 4*a**2 + 32*a - 8. Let k be l(7). What is the hundreds digit of (-4 - k/14) + 9/21?
5
Suppose 0 = 14*r - 10*r - 12. Suppose r*i + 1 = 10. Suppose -i*g = -0*g - 435. What is the tens digit of g?
4
Let z = 41 - 38. Suppose -k + 0 - z = 0. What is the units digit of -3*2*23/k?
6
Suppose 3*q - 9 = -3*o + 15, 12 = 3*o. Let p = 488 - 356. Suppose -8*n + q*n = -p. What is the units digit of n?
3
Let n = 10 + -17. Let y = 3 + n. Let x(c) = 10*c**2 - 17. What is the hundreds digit of x(y)?
1
Let h(i) = -46*i + 5. Let l be h(8). Let a = -229 - l. Let x = -65 + a. What is the tens digit of x?
6
Suppose 0 = 5*p - l - 40, -2*p + 3*p - 22 = 3*l. Suppose -361 = p*s - 1705. What is the hundreds digit of s?
1
Let u(w) = -3*w**3 + 39*w**2 - 38*w + 6. Let n be u(12). What is the hundreds digit of ((-603)/6)/(n/84)?
4
Let j(f) = -4*f - 25. Let x be j(-6). Let k(y) = 3*y - 8. Let s be k(x). Let a = s - -68. What is the units digit of a?
7
Let r(u) = u**2 - 17*u - 19. Let h be r(15). Let f be (-2*1)/(-2) - -106. Let k = h + f. What is the units digit of k?
8
Let w(o) be the third derivative of -o**4/2 - 2*o**3 + 5*o**2. Let t = -204 - -199. What is the tens digit of w(t)?
4
Suppose -385*v + 390*v + 5 = 0. Let m(t) = -641*t - 3. What is the tens digit of m(v)?
3
Suppose -67*j + 522365 = -0*j - 198287. What is the units digit of j?
6
Let z = 47 + -33. Suppose 5*j + z = 34. What is the units digit of ((-6)/j + 3)*6?
9
Let i = 3847 + 475. What is the hundreds digit of i?
3
Let r = 308 + 129. What is the tens digit of r?
3
Let f(t) = t**3 - 2*t**2 - 24*t - t**2 + 8 + 21*t. Let h be f(4). What is the tens digit of 98*15/h*2/5?
4
Let p = -147 + 253. Suppose -h = -p - 146. Suppose -v + h = 3*v. What is the units digit of v?
3
Suppose 5*i = f - 46 - 407, 2*f - 5*i = 881. Let x = -194 + f. What is the tens digit of x?
3
Suppose 17*d - 23*d - 24 = 0. Let o be -23*(0/d - 2). Suppose o*l = 47*l - 53. What is the tens digit of l?
5
Let n = -15248 + 24075. What is the hundreds digit of n?
8
Let q(j) = j - 5. Let r(k) = 26*k + 52. Let z(g) = q(g) - r(g). What is the hundreds digit of z(-8)?
1
Let i be (-12)/(-7) + 58/203. Suppose -i*q + s + 318 = 0, 0*s + 630 = 4*q - 5*s. What is the units digit of q?
0
Let q(a) = 21*a**3 + 21*a**2 + 7*a + 12. What is the thousands digit of q(11)?
0
Let m(y) = -125*y + 5. Let p(g) be the first derivative of 31*g**2 - 2*g - 1. Let n(r) = 4*m(r) + 9*p(r). What is the hundreds digit of n(2)?
1
Let w(j) = 29589*j**3 + 2*j**2 + 39*j - 41. What is the tens digit of w(1)?
8
Let c = 82 - 78. Suppose 5*l - 13 = c*h, -5*h + 4*h = 4*l - 23. Let q(i) = 32*i - 34. What is the hundreds digit of q(l)?
1
Suppose 0 = 2*o - 0 - 6, 4*u = -4*o - 28. Let p(x) = -61*x - 50. What is the hundreds digit of p(u)?
5
Suppose -12 + 0 = -3*o. Let y = 1 - o. Let m(d) = -50*d + 3. What is the hundreds digit of m(y)?
1
Suppose -5*y - 4*o + 26 = 0, -14 = -y - 2*y - 2*o. Suppose -5*m = -5*u - m + 50, y*u + m - 7 = 0. Suppose -u*t + 22*t = 2816. What is the hundreds digit of t?
1
Suppose 2*g - 8 - 8 = 0. Let n be ((234/(-12))/13)/((-6)/g). Suppose 0 = 2*u + v + 76 - 361, n*u = 5*v + 279. What is the units digit of u?
2
Suppose -2*z = -29 - 171. Let p = z - -926. What is the thousands digit of p?
1
Suppose -5*x = 4*d - 16887, -7*d + 10*d - 3*x = 12699. What is the units digit of d?
8
Let w(t) = 10*t**2 + 3*t - 23. Suppose 2*l - 11*k + 15*k + 24 = 0, -3*l = -3*k + 9. What is the tens digit of w(l)?
1
Suppose -10811*u = -10781*u - 891450. What is the units digit of u?
5
Let g = -14507 + 78975. What is the thousands digit of g?
4
Let f(m) = -m**3 - 20*